ber?
False
Is 142403 composite?
False
Is 2901 composite?
True
Is 101843 prime?
False
Is 368457 composite?
True
Is 1361 a prime number?
True
Is 27179 a prime number?
True
Is 5627 a composite number?
True
Is 6581 prime?
True
Is 21647 a prime number?
True
Is 2302 composite?
True
Is 97763 composite?
True
Is 75533 a composite number?
False
Is 252139 composite?
False
Is 287291 a prime number?
True
Is 411277 a composite number?
True
Is 97523 composite?
False
Is 1831174 a composite number?
True
Is 6899 a prime number?
True
Is 377171 prime?
True
Is 354931 a prime number?
False
Is 1863623 a prime number?
False
Is 12853 composite?
False
Is 12113 prime?
True
Is 250643 prime?
True
Is 46919 prime?
True
Is 752441 prime?
False
Is 100063 composite?
True
Is 90049 prime?
False
Is 817213 a prime number?
False
Is 452126 a prime number?
False
Is 20095 a composite number?
True
Is 334289 a composite number?
False
Is 5359 a prime number?
False
Is 74147 composite?
True
Is 331323 a composite number?
True
Is 49853 a composite number?
False
Is 1527 prime?
False
Is 1265233 a composite number?
False
Is 19931 prime?
False
Is 28349 a prime number?
True
Is 1596421 composite?
True
Is 1424699 prime?
True
Is 104579 a prime number?
True
Is 4679 prime?
True
Is 974003 prime?
True
Is 79853 composite?
True
Is 11185 composite?
True
Is 322297 composite?
True
Is 56249 a prime number?
True
Is 32187 prime?
False
Is 34807 a composite number?
False
Is 149021 a prime number?
True
Is 55379 composite?
True
Is 1083827 a prime number?
True
Is 1123807 prime?
True
Is 9841 composite?
True
Is 225947 prime?
False
Is 235921 a composite number?
True
Is 150179 composite?
True
Is 4594 a prime number?
False
Is 3433 composite?
False
Is 295111 a composite number?
False
Is 31013 a composite number?
False
Is 15947 prime?
False
Is 92737 a prime number?
True
Is 47569 a prime number?
True
Is 3574 prime?
False
Is 1817 composite?
True
Is 326737 a composite number?
False
Is 122911 prime?
False
Is 96259 composite?
False
Is 486011 a composite number?
True
Is 1685 prime?
False
Is 791 a composite number?
True
Is 22537 a prime number?
False
Is 4086499 prime?
True
Is 8147 prime?
True
Is 10231 prime?
False
Is 19059 a prime number?
False
Is 48497 prime?
True
Is 9127 a prime number?
True
Is 255313 a composite number?
False
Is 60031 a prime number?
False
Is 46615 a composite number?
True
Is 291 a composite number?
True
Is 5403 composite?
True
Is 592843 a composite number?
False
Is 67601 a composite number?
False
Is 136811 a composite number?
False
Is 2551297 prime?
False
Is 2569 a prime number?
False
Is 124261 composite?
True
Is 478 a prime number?
False
Is 253 a composite number?
True
Is 107013 prime?
False
Is 55661 a prime number?
True
Is 93802 prime?
False
Is 184391 a composite number?
True
Is 31087 a composite number?
True
Is 198167 a prime number?
False
Is 93371 composite?
False
Is 36251 prime?
True
Is 1260983 a prime number?
False
Is 411169 composite?
True
Is 892509 a prime number?
False
Is 5801 a composite number?
False
Is 16085 a composite number?
True
Is 39499 a prime number?
True
Is 95423 composite?
True
Is 1291 prime?
True
Is 48437 a composite number?
False
Is 3005 composite?
True
Is 257709 a prime number?
False
Is 674391 a prime number?
False
Is 35023 composite?
False
Is 3024433 a composite number?
False
Is 6947 a composite number?
False
Is 106853 composite?
False
Is 99445 prime?
False
Is 109261 a prime number?
False
Is 7187 composite?
False
Is 366329 a prime number?
True
Is 607573 composite?
False
Is 21947 a prime number?
False
Is 1657 a composite number?
False
Is 1057559 prime?
False
Is 8251 a prime number?
False
Is 4831 prime?
True
Is 692933 a composite number?
False
Is 1246927 composite?
True
Is 91193 prime?
True
Is 71351 a composite number?
True
Is 6547 a composite number?
False
Is 753041 a prime number?
False
Is 102139 a prime number?
True
Is 9123 a prime number?
False
Is 50723 prime?
True
Is 2475089 composite?
False
Is 50474 a composite number?
True
Is 7380869 a composite number?
False
Is 196727 composite?
False
Is 53921 composite?
True
Is 2029679 a prime number?
True
Is 2155 composite?
True
Is 2438339 prime?
True
Is 145043 composite?
False
Is 785 prime?
False
Is 935377 a prime number?
True
Is 11695 a prime number?
False
Is 2822669 a composite number?
False
Is 1982114 a composite number?
True
Is 29461 a composite number?
True
Is 376459 a composite number?
True
Is 139033 prime?
True
Is 43853 a prime number?
True
Is 35689 a prime number?
False
Is 20627 a prime number?
True
Is 29917 a prime number?
True
Is 325573 composite?
True
Is 14143 prime?
True
Is 167729 prime?
True
Is 121921 composite?
False
Is 3401 prime?
False
Is 44435 composite?
True
Is 2837609 prime?
True
Is 126611 composite?
False
Is 43391 a composite number?
False
Is 11337 composite?
True
Is 29941 prime?
False
Is 40423 prime?
True
Is 158381 prime?
False
Is 4334171 composite?
False
Is 13061 prime?
False
Is 3647 composite?
True
Is 11369 a composite number?
False
Is 84895 a composite number?
True
Is 120095 prime?
False
Is 32363 a prime number?
True
Is 5207 composite?
True
Is 215207 prime?
False
Is 84761 a composite number?
False
Is 357839 a composite number?
False
Is 327791 a prime number?
False
Is 1255 a prime number?
False
Is 668791 a prime number?
True
Is 15371 prime?
False
Is 5163 prime?
False
Is 1984809 composite?
True
Is 1363 a composite number?
True
Is 12515 prime?
False
Is 202817 composite?
False
Is 8903 a composite number?
True
Is 112394 prime?
False
Is 186071 prime?
True
Is 167539 a composite number?
True
Is 16921 prime?
True
Is 7835 composite?
True
Is 67285 a prime number?
False
Is 135173 a prime number?
True
Is 31301 composite?
True
Is 12293 composite?
True
Is 18295 a prime number?
False
Is 9517 prime?
False
Is 364927 a composite number?
True
Is 54695 composite?
True
Is 53353 a composite number?
False
Is 79481 composite?
False
Is 225383 composite?
False
Is 368227 prime?
True
Is 282551 a composite number?
True
Is 29989 a composite number?
False
Is 135151 prime?
True
Is 4601099 composite?
False
Is 244291 composite?
False
Is 382 a composite number?
True
Is 19717 prime?
True
Is 22669 composite?
False
Is 4843 composite?
True
Is 4487 composite?
True
Is 12007 composite?
False
Is 42919 a prime number?
False
Is 272299 a prime number?
True
Is 25481 a prime number?
False
Is 3122173 prime?
True
Is 14177 a composite number?
False
Is 8114 a prime number?
False
Is 609547 a composite number?
True
Is 72337 a prime number?
True
Is 291913 prime?
False
Is 8605 a prime number?
False
Is 23189 composite?
False
Is 24031 composite?
True
Is 80419 prime?
False
Is 86423 prime?
True
Is 69827 prime?
True
Is 2136473 composite?
False
Is 95311 a composite number?
False
Is 2902 composite?
True
Is 222974 a prime number?
False
Is 92687 composite?
True
Is 23369 a prime number?
True
Is 85049 prime?
True
Is 282743 a prime number?
False
Is 573 a composite number?
True
Is 242299 a prime number?
False
Is 9391 prime?
True
Is 15353 prime?
False
Is 174347 a composite number?
False
Is 4673 composite?
False
Is 9413 prime?
True
Is 1835 composite?
True
Is 121469 a composite number?
False
Is 82307 composite?
False
Is 37951 a prime number?
True
Is 256153 composite?
True
Is 59251 a composite number?
True
Is 498209 prime?
True
Is 1540023 a prime number?
False
Is 34583 a prime number?
True
Is 250571 a composite number?
True
Is 9101 composite?
True
Is 109195 prime?
False
Is 1108603 prime?
True
Is 220721 prime?
True
Is 32047 prime?
False
Is 3163 prime?
True
Is 58677 composite?
True
Is 40151 prime?
True
Is 1367 prime?
True
Is 370063 a prime number?
False
Is 115679 composite?
False
Is 75133 composite?
False
Is 27263 a prime number?
False
Is 13667 prime?
False
Is 30863 prime?
False
Is 22931 a prime number?
False
Is 46901 a composite number?
False
Is 20179 composite?
True
Is 11465 prime?
False
Is 9155 a prime number?
False
Is 2893097 a prime number?
True
Is 11101 a prime number?
False
Is 13241 a composite number?
False
Is 513473 a prime number?
True
Is 275489 prime?
True
Is 16357 a prime number?
False
Is 1425889 a composite number?
False
Is 681589 a composite number?
False
Is 3147 a composite number?
True
Is 8983 prime?
False
Is 846979 a prime number?
False
Is 831 prime?
False
Is 17377 composi